{"id":841,"date":"2023-11-02T12:26:13","date_gmt":"2023-11-02T15:26:13","guid":{"rendered":"https:\/\/rauliano.com\/?page_id=841"},"modified":"2023-11-02T12:26:14","modified_gmt":"2023-11-02T15:26:14","slug":"propuesta-montaje-centro-cultural-de-espana","status":"publish","type":"page","link":"https:\/\/rauliano.com\/?page_id=841","title":{"rendered":"Propuesta Montaje Centro Cultural de Espa\u00f1a"},"content":{"rendered":"\n<p>Proyecto AUTORRETRATO CIEGO<\/p>\n\n\n\n<p>Autor: Ra\u00fal Charl\u00edn Fern\u00e1ndez<\/p>\n\n\n\n<p><\/p>\n\n\n\n<p><\/p>\n\n\n\n<figure class=\"wp-block-image size-full\"><img loading=\"lazy\" decoding=\"async\" width=\"1495\" height=\"860\" src=\"https:\/\/rauliano.com\/wp-content\/uploads\/Propuesta-Montaje.png\" alt=\"\" class=\"wp-image-842\" srcset=\"https:\/\/rauliano.com\/wp-content\/uploads\/Propuesta-Montaje.png 1495w, https:\/\/rauliano.com\/wp-content\/uploads\/Propuesta-Montaje-300x173.png 300w, https:\/\/rauliano.com\/wp-content\/uploads\/Propuesta-Montaje-1024x589.png 1024w, https:\/\/rauliano.com\/wp-content\/uploads\/Propuesta-Montaje-768x442.png 768w\" sizes=\"auto, (max-width: 1495px) 100vw, 1495px\" \/><\/figure>\n","protected":false},"excerpt":{"rendered":"<p>Proyecto AUTORRETRATO CIEGO Autor: Ra\u00fal Charl\u00edn Fern\u00e1ndez<\/p>\n","protected":false},"author":2,"featured_media":0,"parent":0,"menu_order":0,"comment_status":"closed","ping_status":"closed","template":"","meta":{"footnotes":""},"class_list":["post-841","page","type-page","status-publish","hentry"],"_links":{"self":[{"href":"https:\/\/rauliano.com\/index.php?rest_route=\/wp\/v2\/pages\/841","targetHints":{"allow":["GET"]}}],"collection":[{"href":"https:\/\/rauliano.com\/index.php?rest_route=\/wp\/v2\/pages"}],"about":[{"href":"https:\/\/rauliano.com\/index.php?rest_route=\/wp\/v2\/types\/page"}],"author":[{"embeddable":true,"href":"https:\/\/rauliano.com\/index.php?rest_route=\/wp\/v2\/users\/2"}],"replies":[{"embeddable":true,"href":"https:\/\/rauliano.com\/index.php?rest_route=%2Fwp%2Fv2%2Fcomments&post=841"}],"version-history":[{"count":1,"href":"https:\/\/rauliano.com\/index.php?rest_route=\/wp\/v2\/pages\/841\/revisions"}],"predecessor-version":[{"id":843,"href":"https:\/\/rauliano.com\/index.php?rest_route=\/wp\/v2\/pages\/841\/revisions\/843"}],"wp:attachment":[{"href":"https:\/\/rauliano.com\/index.php?rest_route=%2Fwp%2Fv2%2Fmedia&parent=841"}],"curies":[{"name":"wp","href":"https:\/\/api.w.org\/{rel}","templated":true}]}}